is -229 + -4b?
-276
In base 16, what is 502f + 1?
5030
In base 4, what is 0 - 202113?
-202113
In base 13, what is 4780 + -3?
477a
In base 2, what is -1101100000100 + 10?
-1101100000010
In base 14, what is 676 - -c6?
75c
In base 8, what is 33 + -131607?
-131554
In base 16, what is eac + -48?
e64
In base 2, what is -10111001 + -11111110?
-110110111
In base 2, what is 10100 - 1111001001010?
-1111000110110
In base 12, what is -511 - 201b?
-2530
In base 10, what is -176 - -15590?
15414
In base 9, what is -652 + -4184?
-4846
In base 8, what is -21 + 3410?
3367
In base 4, what is -3 - 3112231?
-3112300
In base 9, what is -81 - 25278?
-25370
In base 15, what is 58da - -2?
58dc
In base 13, what is 1414 - -128b?
26a2
In base 4, what is -1 + -1230102221?
-1230102222
In base 4, what is -11 - -13030222?
13030211
In base 10, what is -3 - 16831?
-16834
In base 5, what is 23234 - 13?
23221
In base 5, what is 1340 + -412?
423
In base 8, what is -50007 + -3?
-50012
In base 5, what is 32311231 + 0?
32311231
In base 14, what is -5 + -5a06?
-5a0b
In base 13, what is 348 + -146?
202
In base 12, what is 5902 + 10?
5912
In base 14, what is 10546 + 8?
10550
In base 13, what is a04 - -11?
a15
In base 7, what is -15606 - 0?
-15606
In base 3, what is 202 + -11200120102?
-11200112200
In base 7, what is -5635 - 13?
-5651
In base 15, what is -2c52 - -6?
-2c4b
In base 15, what is 98360d - -1?
98360e
In base 6, what is -52543320 + -2?
-52543322
In base 5, what is 210303 - -1422?
212230
In base 9, what is 3 - 17852?
-17848
In base 12, what is 6 - 2b710?
-2b706
In base 14, what is -5 + -1093?
-1098
In base 4, what is -1200321010 - -1?
-1200321003
In base 2, what is -11 - 11100010001000101?
-11100010001001000
In base 5, what is -213 + 120322?
120104
In base 5, what is 213443412 - 0?
213443412
In base 9, what is 12080 - 4?
12075
In base 12, what is -107 + -8215?
-8320
In base 3, what is 10 + -1020102100?
-1020102020
In base 3, what is 120 - -1122000?
1122120
In base 10, what is 6 - 38447?
-38441
In base 13, what is 645b3b - 4?
645b37
In base 6, what is 2033543 + -55?
2033444
In base 4, what is -3113123 + 3?
-3113120
In base 16, what is 1ae - 2?
1ac
In base 12, what is -8a50 - 17?
-8a67
In base 11, what is 4383 - 8?
4376
In base 7, what is -5 - 106001?
-106006
In base 6, what is -340312 + 44?
-340224
In base 15, what is -5 - 3dc0?
-3dc5
In base 13, what is c3 + -5123?
-5030
In base 15, what is 37845 - -2?
37847
In base 11, what is -4 + 17128?
17124
In base 13, what is 70b - 0?
70b
In base 7, what is -2 + 15602465?
15602463
In base 9, what is -2885 + 1?
-2884
In base 14, what is -45 - db0?
-1015
In base 8, what is -136540 + 0?
-136540
In base 16, what is 229f6 + 0?
229f6
In base 14, what is 0 + c449?
c449
In base 12, what is 9441 - 4?
9439
In base 7, what is 5 + -5130043?
-5130035
In base 6, what is 113 + 40543?
41100
In base 14, what is 68 - -5b6?
640
In base 9, what is 63032 + -3?
63028
In base 9, what is 201255 + 14?
201270
In base 8, what is 1574 + -31?
1543
In base 15, what is 4a22 + -66?
49ab
In base 12, what is -234 - 273?
-4a7
In base 15, what is -6 + 210d6?
210d0
In base 15, what is -42 - -627?
5d5
In base 13, what is -7 + 52439?
52432
In base 12, what is 3a - -183a7?
18425
In base 3, what is 12210002102 + -12?
12210002020
In base 5, what is -10122 - -302?
-4320
In base 4, what is -102102 - -221?
-101221
In base 2, what is 1111001101010 + -10010?
1111001011000
In base 4, what is -303121 + 10?
-303111
In base 10, what is 4764 + -21?
4743
In base 9, what is 18 + 25742?
25761
In base 13, what is 0 - 5523?
-5523
In base 15, what is 6a000 + 3?
6a003
In base 2, what is 100001100 - 111111111?
-11110011
In base 7, what is -251614 + -5?
-251622
In base 8, what is 1732 + -111?
1621
In base 2, what is 10101000 + 1001011101?
1100000101
In base 10, what is 72734 + -2?
72732
In base 16, what is 17 + 183?
19a
In base 4, what is -11 - -2020003132?
2020003121
In base 10, what is -597 - 13?
-610
In base 4, what is -3203131000 - 1?
-3203131001
In base 14, what is -422 + -18?
-43a
In base 11, what is -5759 - 1?
-575a
In base 15, what is -44b43b - -3?
-44b438
In base 10, what is 80360 + -29?
80331
In base 13, what is 4 + 31ab?
31b2
In base 2, what is 11011011100010011 - -101?
11011011100011000
In base 9, what is -247 + -26847?
-27205
In base 4, what is 2221031 + -11?
2221020
In base 16, what is 42487 + -2?
42485
In base 16, what is 74 - 131?
-bd
In base 11, what is -1136 + 229?
-a08
In base 4, what is 1 + -1023213011?
-1023213010
In base 3, what is 10 - -10011020?
10011100
In base 12, what is -15 + -926?
-93b
In base 11, what is -4441 + a?
-4432
In base 10, what is -7 + -13504?
-13511
In base 10, what is 3 - -5463?
5466
In base 2, what is -11110 + -11010101010?
-11011001000
In base 3, what is 2010202021112 + -10?
2010202021102
In base 14, what is 1c521 - 1?
1c520
In base 7, what is -162 + -2010?
-2202
In base 11, what is 39 - -15356?
15394
In base 8, what is 5225445 + 1?
5225446
In base 10, what is -1656 + -95?
-1751
In base 14, what is -10 - -170a?
16da
In base 6, what is 2 + 144103?
144105
In base 10, what is -915 + 5?
-910
In base 13, what is 43080 - 0?
43080
In base 11, what is 41 - -29932?
29973
In base 8, what is -3 + 1421?
1416
In base 7, what is -2 + -32661?
-32663
In base 15, what is 12 - 53197?
-53185
In base 16, what is c + d1b?
d27
In base 7, what is 5343 - 4414?
626
In base 2, what is 1101110011100110001 + 1?
1101110011100110010
In base 9, what is -51 - -80861?
80810
In base 7, what is -31 + -25253?
-25314
In base 12, what is 1263 - -288?
152b
In base 11, what is -523767 + 1?
-523766
In base 5, what is -12000 - 4030?
-21030
In base 3, what is 11 - -1120212000?
1120212011
In base 3, what is 11010 - 1222020?
-1211010
In base 7, what is -420 + -2661?
-3411
In base 16, what is d - 502c?
-501f
In base 14, what is 2 - c4d7?
-c4d5
In base 7, what is -220421 + -14?
-220435
In base 15, what is 8 + -24b?
-243
In base 2, what is -11010110 + 1010100101?
111001111
In base 2, what is -1 - 1100100001?
-1100100010
In base 12, what is 1a875 - 84?
1a7b1
In base 11, what is -28630aa + -5?
-2863104
In base 5, what is 2 - -3142220?
3142222
In base 14, what is -b51 + 7?
-b48
In base 15, what is 1 - -1061?
1062
In base 8, what is 470 + 4217?
4707
In base 5, what is -2311 + -11444?
-14310
In base 5, what is 111 + -211230?
-211114
In base 16, what is c18 + 6?
c1e
In base 9, what is 1241 + -63?
1167
In base 6, what is 213 - 224?
-11
In base 3, what is -21102010202 - -112?
-21102010020
In base 10, what is 5888 - -1?
5889
In base 8, what is 414 - 530?
-114
In base 14, what is 17 + -4a7?
-490
In base 3, what is -2 + 200021202?
200021200
In base 4, what is -10031021013 + 1?
-10031021012
In base 10, what is -529 + 2?
-527
In base 14, what is 120 - 1b06?
-19c6
In base 5, what is 240 - -1040144?
1040434
In base 11, what is -729 + -217?
-945
In base 2, what is -101 - -1010000010011011?
1010000010010110
In base 9, what is -2 + 56107?
56105
In base 4, what is -33203 - -30220?
-2323
In base 16, what is ca + -31e?
-254
In base 10, what is -512354 + -1?
-512355
In base 12, what is -2444 - -b3?
-2351
In base 15, what is -ce73 - -1?
-ce72
In base 16, what is 4 + -a12?
-a0e
In base 5, what is 10403324 + -3?
10403321
In base 5, what is -1113001 - 0?
-1113001
In base 13, what is 80 + 279?
329
In base 16, what is -be1 + 9?
-bd8
In base 8, what is 1173237 + -5?
1173232
In base 4, what is -31 - 133300?
-133331
In base 7, what is -6221 + 5421?
-500
In base 11, what is 3 + 1a9a6?
1a9a9
In base 5, what is 4342 + 312?
10204
In base 2, what is -11 + -1101000100011?
-1101000100110
In base 11, what is -9742 - -146?
-95a7
In base 10, what is -2 + -1030?
-1032
In base 15, what is 8 - -577d2?
577da
In base 11, what is 385510 - -1?
385511
In base 15, what is 1ee + -ba?
134
In base 9, what is -7017 - 0?
-7017
In base 2, what is 101 - 100011110110001?
-100011110101100
In base 14, what is 105a4 - 41?
10563
In base 6, what is 200032 + -5?
200023
In base 12, what is 592 + 316?
8a8
In base 9, what is 2476 + 2327?
4814
In base 16, what is 979 + d0?
a49
In base 13, what is 7399 + 0?
7399
In base 14, what is 10 + 18a93?
18aa3
In base 10, what is 1557 + 25?
1582
In base 15, what is -9 - -268b?
2682
In base 9, what is 733 + -714?
18
In base 2,